is 57678 (base 10) in base 16?
e14e
Convert c922a7 (base 13) to base 15.
632b59
What is -33c68 (base 14) in base 13?
-45416
Convert 303424304 (base 5) to base 4.
10231002313
What is -d3a795 (base 14) in base 6?
-412540331
Convert 48e6 (base 16) to base 13.
8657
Convert -22a9648 (base 12) to base 16.
-662258
-125322 (base 6) to base 8
-26462
22221011212 (base 3) to base 15
37165
What is -4144334 (base 5) in base 15?
-15564
What is 4000052 (base 7) in base 15?
946a8
Convert -4302231 (base 6) to base 8.
-633053
-702147 (base 10) to base 5
-134432042
-82897 (base 11) to base 9
-203713
Convert -80317 (base 12) to base 8.
-504703
What is -7a1ea0 (base 16) in base 13?
-1872a53
What is -1010010111011010010 (base 2) in base 11?
-212218
1111110011010011000 (base 2) to base 13
1518a7
What is 148653 (base 15) in base 6?
33120423
What is 323d2 (base 15) in base 5?
20100442
Convert -207e86 (base 16) to base 15.
-2c0e97
Convert 1004912 (base 11) to base 8.
6620503
-a38b45 (base 12) to base 13
-6bac4a
-cb18c (base 16) to base 12
-3414b8
Convert 1101110001110100110110 (base 2) to base 13.
99606c
What is 216219 (base 12) in base 5?
113412302
-1235054 (base 7) to base 2
-100111000111011100
100000111101011101111010 (base 2) to base 12
2a88276
What is 304241343 (base 5) in base 7?
13365631
-5171 (base 10) to base 6
-35535
-40101415 (base 6) to base 10
-1127891
Convert -2343514 (base 6) to base 10.
-122662
What is 65200345 (base 7) in base 13?
11ca2bc
-8572314 (base 10) to base 8
-40546632
Convert 1110101010110011001101 (base 2) to base 14.
721501
What is -43152450 (base 6) in base 14?
-2526d0
Convert -2614146 (base 7) to base 5.
-41334441
1022210200201 (base 3) to base 4
2230003033
Convert 31213204 (base 5) to base 6.
5303120
46482 (base 13) to base 6
2425320
-1193472 (base 14) to base 8
-40101514
466084 (base 12) to base 3
2010102100201
Convert 20555 (base 13) to base 9.
87545
Convert -8e1a8e (base 15) to base 3.
-110202221110022
Convert -55633014 (base 7) to base 6.
-251111513
Convert -373611 (base 8) to base 7.
-1044550
-542436 (base 16) to base 8
-25022066
What is 10013101012 (base 4) in base 10?
1078342
-195972 (base 10) to base 9
-327736
What is -6b9b9 (base 14) in base 12?
-107b7b
What is -311322434 (base 5) in base 10?
-1276619
-3a60002 (base 11) to base 13
-15b7139
Convert 373ab62 (base 12) to base 11.
60a3959
What is 69681 (base 11) in base 13?
36a67
Convert 2066162 (base 7) to base 8.
753717
12202221212 (base 3) to base 6
2234205
What is -1010011100111001 (base 2) in base 13?
-16640
What is -33637 (base 12) in base 3?
-10110200121
Convert -d1935 (base 14) to base 9.
-847268
-33242 (base 14) to base 13
-44541
Convert 21021100210 (base 3) to base 5.
14040043
-240751 (base 8) to base 12
-3b835
Convert -21302321 (base 5) to base 12.
-89102
-22122100 (base 4) to base 9
-64437
265731 (base 8) to base 2
10110101111011001
9b233 (base 12) to base 9
343463
What is -195a06 (base 14) in base 12?
-37449a
Convert -6b7012 (base 14) to base 11.
-2086422
Convert -241b6bb (base 12) to base 15.
-9366d2
What is 5485404 (base 10) in base 14?
a2b0a8
What is 454665 (base 8) in base 16?
259b5
Convert 4442233111 (base 5) to base 4.
211012310301
Convert 131676 (base 10) to base 5.
13203201
Convert -100a817 (base 14) to base 16.
-7355a5
Convert 6100340 (base 8) to base 14.
2db320
Convert -170860 (base 9) to base 16.
-19cce
Convert -1010101101100001010 (base 2) to base 10.
-350986
Convert -83400 (base 10) to base 6.
-1442040
-10000100010011010 (base 2) to base 12
-3324a
4404035 (base 6) to base 13
78677
Convert 4522453 (base 8) to base 10.
1221931
What is -873185 (base 10) in base 8?
-3251341
What is 12b5813 (base 14) in base 4?
202133301321
117772 (base 9) to base 14
1c001
-137c6b9 (base 13) to base 15
-81c8ea
Convert -19cd13 (base 16) to base 8.
-6346423
What is -8601 (base 11) in base 5?
-331000
223e1 (base 15) to base 9
175324
Convert 42b727 (base 14) to base 16.
227b07
-203153425 (base 6) to base 8
-15317631
What is 477899 (base 11) in base 3?
1102110112011
Convert -9bcc8 (base 15) to base 2.
-1111001000000010110
What is 6165525 (base 7) in base 6?
23501410
-90660 (base 16) to base 4
-2100121200
Convert -32023032011 (base 4) to base 9.
-6883318
-2a61b (base 12) to base 8
-164367
What is -22290 (base 15) in base 8?
-324051
Convert 196a665 (base 12) to base 5.
2333234414
-6294 (base 15) to base 14
-7847
Convert 307644 (base 9) to base 14.
4a876
Convert -72540 (base 10) to base 5.
-4310130
What is -2604c1 (base 16) in base 6?
-125223041
What is 1056551 (base 8) in base 3?
112112101201
-9037b (base 16) to base 11
-3738a4
-1034030353 (base 6) to base 10
-11108157
Convert 12402130 (base 5) to base 13.
437b4
What is -201502455 (base 6) in base 15?
-480cbe
11b1b (base 16) to base 12
35b37
-1882e0 (base 15) to base 3
-2020120011110
What is 12012110211 (base 3) in base 16?
19006
-25133350 (base 7) to base 2
-1000100111111001001000
What is -a60ab7 (base 12) in base 6?
-132011151
2052135 (base 6) to base 5
11202113
-5ba8b (base 14) to base 3
-102101202011
What is -13052425 (base 8) in base 13?
-7a9568
-21322646 (base 7) to base 3
-10102111220102
121003121 (base 4) to base 7
605114
What is d85ba8 (base 15) in base 10?
10296383
Convert -110233211 (base 4) to base 13.
-2c89a
What is 42a421 (base 11) in base 15?
d89a3
Convert -3186a (base 15) to base 6.
-3211314
Convert -8690851 (base 10) to base 16.
-849ca3
-9e0db (base 15) to base 14
-d14a5
Convert -36881 (base 9) to base 15.
-751d
-423400001 (base 6) to base 3
-112000110200001
Convert 14013412 (base 5) to base 6.
3012100
What is 4c1c97 (base 15) in base 6?
210131441
What is 14d799 (base 16) in base 9?
2511611
What is -11c566 (base 14) in base 9?
-1130072
Convert 279b9 (base 13) to base 16.
121be
What is 30344003 (base 5) in base 15?
4d1a3
Convert 3885d2 (base 15) to base 5.
1143231242
-212201 (base 7) to base 11
-25715
-111011001000111001010 (base 2) to base 7
-22320520
Convert 200202100221 (base 3) to base 6.
11524554
131135504 (base 6) to base 14
4b1c2c
-2151569 (base 10) to base 12
-879155
What is 3a2b32 (base 14) in base 4?
13221211020
Convert -5262254 (base 8) to base 13.
-3a1204
Convert 3ee13d (base 15) to base 8.
13446450
What is -211612 (base 7) in base 2?
-1000111100110101
Convert 7604513 (base 8) to base 10.
2033995
3464264 (base 8) to base 15
139bdd
bbc1 (base 15) to base 3
2000120101
Convert 960396 (base 11) to base 12.
621ab9
What is -200003100 (base 4) in base 15?
-28d70
What is 10111120212 (base 3) in base 4?
100311122
1002222111 (base 3) to base 9
32874
-2125542 (base 6) to base 9
-168878
What is 6801875 (base 9) in base 7?
43062536
What is -2498a (base 14) in base 16?
-15e5e
What is 1121210102111 (base 3) in base 7?
10220041
What is -132141350 (base 6) in base 13?
-70c39b
Convert -1111000110110110 (base 2) to base 12.
-2b986
What is 155506 (base 7) in base 11?
21140
-55541135 (base 6) to base 12
-68a7ab
What is 1999b7 (base 16) in base 12?
68ab07
What is 250542 (base 6) in base 10?
22238
What is -15803b4 (base 12) in base 8?
-20613070
Convert -2a527 (base 15) to base 13.
-49c90
320001300 (base 4) to base 6
4530240
What is 10011010110010110 (base 2) in base 9?
130640
What is -112220112002 (base 3) in base 6?
-10142302
227a8e (base 15) to base 13
458291
-24677b2 (base 14) to base 16
-10a7160
Convert 3be8e3 (base 16) to base 8.
16764343
-644524 (base 12) to base 3
-2222110021201
332281 (base 9) to base 12
96a77
Convert 3a770a (base 11) to base 10.
639737
What is -10101100100000101 (base 2) in base 14?
-2428d
Convert 4759a (base 15) to base 2.
110111100001000011
Convert 121094 (base 11) to base 3.
100202001111
What is -127ce2 (base 15) in base 9?
-1601855
What is 100111100011000 (base 2) in base 13?
92a7
What is 1043113445 (base 6) in base 12?
3972885
-b742c (base 13) to base 15
-67cc9
What is -213247 (base 8) in base 2?
-10001011010100111
Convert 532843 (base 9) to base 8.
1153221
Convert -2332221232 (base 4) to base 8.
-2765156
What is 1422202 (base 6) in base 8?
235732
What is -60301 (base 11) in base 9?
-144001
-42346504 (base 7) to base 5
-1404414202
What is 430036 (base 8) in base 4?
203000132
Convert 2aac08 (base 13) to base 12.
428ab6
What is -66523 (base 11) in base 12?
-479a6
What is -1ce9af (base 16) in base 3